4474 + m = 0. What is the thousands digit of w?
1
Suppose x + 59 = -52. Let t = x - -162. What is the tens digit of t?
5
Let l(w) = -w**2 + 11*w + 141. Let t be l(21). What is the hundreds digit of (5 + -5 + t)*76/(-12)?
4
Let h be (14/6)/((-2)/66). Let d(i) = i**3 - 21*i**2 + 63*i - 43. Let g be d(17). Let n = h - g. What is the units digit of n?
1
Let n be -4 + 0 - (-4)/(-10)*5. Let u(m) = 11*m**2 - 9*m - 9. What is the tens digit of u(n)?
4
Suppose 2*k - 7 + 6 = 3*q, -q = -5*k + 35. Suppose -6*p - 10 = -k*p. Suppose -2 + 447 = p*l. What is the units digit of l?
9
Let y(k) = -4*k**3 - 7*k**2 - 6*k + 27. What is the hundreds digit of y(-10)?
3
Let m be -2 + 0 - (-5 + -9). Let p = 432 + -304. Suppose p - m = g. What is the units digit of g?
6
Let b(o) = -2*o**3 + 2*o - 7. Let s(f) = -4*f - 9. Let l be s(-3). Suppose 5*h - 4 = l*r, -4 = 2*r - 5*h + 3*h. What is the units digit of b(r)?
1
Let b = 3069 + -3080. Let h(m) = m. Let o(n) = 4*n + 8. Let j(l) = -6*h(l) - 3*o(l). What is the units digit of j(b)?
4
Suppose 0 = -39*q + 55511 + 125521 + 265089. What is the hundreds digit of q?
4
What is the units digit of 1/(2/(-279))*8*(-268)/48?
1
Let v(j) = 103*j + 1. Suppose 36 = -4*o + 7*o. Suppose 4*c + 3*t - t - o = 0, 5*c = 4*t - 11. What is the tens digit of v(c)?
0
Let h be (-6)/(-84)*4*7. Suppose -h*o = -6, 0 = -3*u - 5*o + 3*o + 207. What is the units digit of u?
7
Let d be ((-6)/21)/(2/(-14)). Suppose 0*x - x = 5*s - 24, 3*x + d*s - 98 = 0. Let y = 8 + x. What is the units digit of y?
2
Suppose -2*a - 3260 = -g + 814, 0 = -g + 8*a + 4116. What is the hundreds digit of g?
0
Let q(p) = 307*p**3 + 4*p**2 - 7*p + 26. What is the units digit of q(3)?
0
Let p(w) = -14*w + 30. Let h be p(4). Let i = -95 - h. Let v = i + 117. What is the tens digit of v?
4
Let s(p) = 13518*p - 39. Let f be s(-1). What is the hundreds digit of (-6)/(-14) + f/(-21)?
6
What is the hundreds digit of 16635/25 + (-16)/40?
6
Suppose -5*b = 63 - 228. Let a = 38 - b. Suppose 12*k - a*k - 147 = 0. What is the tens digit of k?
2
Let f(g) be the first derivative of 4*g**3/3 - 7*g**2 - 36*g + 165. What is the tens digit of f(13)?
5
Suppose t = 4*b + 192, 7 - 4 = 3*b. What is the tens digit of (-23 - t)/(0 + (-1)/3)?
5
Suppose -4*j + 64 + 60 = 0. Let a = 36 - j. Suppose -4*x + 165 = -2*w - 47, 0 = -a*x + 4*w + 268. What is the units digit of x?
2
Let b = -160 + 151. Let k(l) = 2*l**2 - 9*l + 3. What is the tens digit of k(b)?
4
Let k(x) = 25*x**3 - x**2 - 5*x - 4. Let l be k(4). Let w = -647 + l. Suppose -6*s - 5*s + w = 0. What is the units digit of s?
3
Let g be -14*(-4)/10*(-10)/(-4). Let j(t) = t**3 - 13*t**2 - 16*t + 34. Let i be j(g). Suppose i*s - 1650 = -4*s. What is the hundreds digit of s?
1
Let z(d) = -35*d + 1231. Let o be z(39). Let c be (-1)/((-2)/812*-2). Let x = o - c. What is the units digit of x?
9
Suppose 65 = 2*u - 0*u + 5*v, 25 = -5*v. Let j = 117 - u. Let h = j + -31. What is the tens digit of h?
4
Suppose 8*m - 13*m - 2884 = -3*j, 0 = -j + 3*m + 960. Suppose -3*s = -j - 1389. What is the units digit of s?
4
Let m(r) = -4*r + 7. Let q be m(2). Let y(o) = 1 + 3 - 67*o - 13*o - 1. What is the units digit of y(q)?
3
Let q(r) = -r**3 - 5*r**2 - 48*r + 40. Let s be q(-20). Suppose -17*w - 2121 = -s. What is the units digit of w?
7
Let q(h) = 189*h**2 + 113*h + 449. What is the thousands digit of q(-17)?
3
Let o = -9368 - -51374. What is the tens digit of o?
0
Let o be 3136/92 - 28/322. What is the tens digit of (-98)/((-3)/((-36)/o) + -3)?
8
Suppose 9*q - 45 = 6*q. Suppose -333 = -q*k + 402. What is the tens digit of k?
4
Let w be (-7406)/56*2/4*8. Let a = -329 - w. What is the hundreds digit of a?
2
Let n(f) = f**3 + 5*f**2 + 8*f + 16. Let k be n(-3). Suppose -3400 = -k*x - 0*x. What is the hundreds digit of x?
3
Let v = 27921 + -17860. What is the hundreds digit of v?
0
Let p be (4/(-5))/((-48)/1320) - -3. Suppose p*q = 30*q - 735. What is the tens digit of q?
4
Let b(q) = -q**2 + 6*q + 14. Let s be b(8). Let u be -33 + 35 + (-2)/(s/29). Suppose -4*v + 5 = -t, -2*v = 4*t - v - u. What is the units digit of t?
7
Let f be (460/(-12))/((-3)/(-54)*-1). Let t = f - 231. What is the hundreds digit of t?
4
Suppose -a + c + 17159 = 0, 0 = 165*a - 168*a - 3*c + 51489. What is the thousands digit of a?
7
What is the units digit of -11 + 3 + 36377 + 22 + 24?
5
Let j(b) = 2*b**2 + 88*b + 3. Let x be j(-44). Suppose x*c = -r - 4*r + 290, -c = -4*r - 125. What is the units digit of c?
5
Suppose -527*w + 546*w - 3344 = 0. What is the hundreds digit of w?
1
Let q(w) = 2473*w**2 + 643*w - 3227. What is the thousands digit of q(5)?
1
Suppose -149*s = -191365 - 664640. What is the hundreds digit of s?
7
Suppose -3*v = 17 - 80. Suppose -v*a + 19*a = 28. What is the units digit of 42/147 + 1 + (-570)/a?
2
Let s = 30138 + -14841. What is the ten thousands digit of s?
1
Suppose x = -x + 10. Suppose -x*m + 2134 = -3*c - 1204, 3*m = -2*c - 2238. What is the units digit of (-2)/(0 + (-3)/(c/(-8)))?
3
Suppose -18*i - 11848 = -119434. What is the tens digit of i?
7
Suppose 24*v + 196 = 28*v. Suppose -4*r - 9 = -v. Suppose r*s = 623 + 557. What is the hundreds digit of s?
1
Let j(c) = 25*c + 20*c**2 - 4 + 26 + 49 - 16 + 77*c**2. What is the units digit of j(-2)?
3
Let m(b) = 83*b - 119. Let c be m(-21). What is the units digit of (c/152)/(1/(-40))?
0
Suppose -2*j = 4*f - 12, 12 = 2*f + 4*j - 0. Let t(q) = 23*q**2 - q - 6 + 16 - 16*q**f + 7*q + q**3. What is the units digit of t(-5)?
0
Suppose -14 - 6 = -5*n. Let f(v) = -2*v - 9 + v + 4*v**3 - v - 7*v**2. What is the tens digit of f(n)?
2
What is the tens digit of (-7527)/(-2)*(-13)/((-117)/(-5))*-6?
4
Suppose 7*h - 8960 - 997 = -3*y, 2*y + 2*h = 6646. What is the tens digit of y?
2
Let g(m) = m**3 - 32*m**2 - 18*m - 125. Suppose -3*b - 179 = -5*d, 3*b + 53 = 2*d + 8*b. What is the thousands digit of g(d)?
1
Suppose -88*b + 315 = -81*b. Suppose 0 = -l + b + 517. What is the tens digit of l?
6
Let j = 53 - 41. Let u be -2*2*(-51)/j. Let v = 43 - u. What is the tens digit of v?
2
Let l(i) = 0*i + 73 + 3*i - 2*i**3 + i**3 + 0*i**3. Let s be l(0). What is the tens digit of (22/4 - 3)*(1 + s)?
8
Suppose 4*c = -j + 6566, -2087 - 30806 = -5*j + c. What is the thousands digit of j?
6
Suppose -13*z + 38 = -8*z - 3*l, 0 = -4*z + 2*l + 30. What is the tens digit of (924/(-16))/(-2 - z/(-4))?
3
Let c be (-994)/(-8) - (1/4)/1. Let m be (2 - 3)/((-4)/(33*c)). Suppose -k - m = -12*k. What is the tens digit of k?
9
Let v(h) = -3*h**3 - 18*h**2 - 131*h - 16. What is the units digit of v(-7)?
8
Let a(u) = -3398*u - 4519. What is the ten thousands digit of a(-9)?
2
Let l = 118 - -3353. Suppose -6*f = -7371 - l. What is the hundreds digit of f?
8
Let d(l) = 30723*l + 801. What is the units digit of d(1)?
4
Let s = 4154 + -3328. What is the hundreds digit of s?
8
Let p = 52 - 42. Suppose 4*r = q + q - 24, -p = 2*r. Suppose -102 = -q*j + 60. What is the tens digit of j?
8
Suppose 0 = -25*h + 30*h - 45. Suppose 6989 = h*z + 20*z. What is the tens digit of z?
4
Let p = 500 + -1398. Let u = 1644 + p. What is the tens digit of u?
4
Suppose 2*j - 74028 = -18*i + 14*i, 0 = 2*i + 5*j - 37014. What is the hundreds digit of i?
5
What is the tens digit of 4/(0 - -4)*1049*5?
4
Suppose -3*b + 4 = -401. Let q be 27/b + (-248)/(-10). Suppose 4*i - 97 = -q. What is the tens digit of i?
1
Let x be -4*(-4 - (-10)/5). Let s(r) = -150*r + x + 315*r + 12*r**2 - 154*r + r**3. What is the tens digit of s(-7)?
7
Suppose 129 = n + 18. What is the units digit of 16/12*n/(-6)*-15?
0
Let d(z) = 2*z**3 - 36*z**2 + 35*z - 15. Let b be d(17). Suppose -b*m = 9*y - 10*y + 442, -3*m - 440 = -y. What is the tens digit of y?
4
Let d(s) = -600*s**3 - 3*s**2 - s + 1. Suppose -2*i - 3*q = -4*q + 4, 5*i - 5 = -5*q. What is the units digit of d(i)?
9
Let k = -8792 - -12660. What is the hundreds digit of k?
8
Let m(f) = -f**3 - 10*f**2 + 11*f + 10. Let a(h) = -7*h + 20. Let y be a(0). Suppose 0 = -4*l - y, 5 = -w - 2*l - 17. What is the tens digit of m(w)?
6
Let t(n) = -n**3 - 6*n**2 - 7*n + 9. Let z be t(-5). Let j = z + -16. Suppose -2*h + 5*p = 78 - 233, -j*h + 264 = 3*p. What is the tens digit of h?
8
Let u = -45 - -31. Let o be (u/7)/(6/(-21)) - 2. What is the tens digit of 362/o + 4/(-10) - 3?